 What is the remainder when g(b) is divided by 5?
3
Let u(w) = w**3 + 19*w**2 - 20*w + 2. Let y be u(-20). Suppose -4*z + y*t = -16, 3*t + 5 = -7. Calculate the remainder when z is divided by 1.
0
Let v(q) = -9*q - 12. Let w(m) = 5*m + 6. Let g(f) = -6*v(f) - 11*w(f). Let l be g(4). Suppose z - l = -z. Calculate the remainder when z is divided by 1.
0
Let r(l) = -21*l**3 + 2*l. Let f be r(-2). Suppose x + f = 5*x. Let b = -91 + 113. What is the remainder when x is divided by b?
19
Let z(t) = t**2 + 4*t. Let h be z(-4). What is the remainder when (22 - 18) + 91 + h is divided by 14?
11
Let i(w) = w - w**3 + 36*w**2 - 36*w**2. Let n(r) = 3*r**3 + 5. Let p(h) = 4*i(h) + n(h). Calculate the remainder when p(-4) is divided by 18.
17
Let n be (-16)/(-10) + (-18)/(-45). What is the remainder when 43 is divided by 45/3*2/n?
13
Let m(u) = -u + 10. Let o be m(7). Suppose b = o*b - 48. Calculate the remainder when b is divided by 9.
6
Suppose -3*l + 45 = -135. Suppose l = 2*z + 3*z. Calculate the remainder when (2 - 5) + 8*6 is divided by z.
9
Let d(y) = y**2 - 9*y + 11. Let a be d(8). Suppose -3*r + 2*p = -61, 5*p + 31 = a*r - 27. What is the remainder when r is divided by 6?
3
Suppose 4*s = -s - 380. Let a = s - -111. Suppose -106*l - 4*o - 30 = -107*l, -2*l + 24 = 4*o. What is the remainder when a is divided by l?
17
Let p(b) = -b**2 - 17*b + 7. What is the remainder when 72 is divided by p(-15)?
35
What is the remainder when (4/(-1) + 3)/(3/(-309)) is divided by 12?
7
Let r be 12716/16 + (-1)/12*-3. Suppose 312 - r = -3*i. What is the remainder when i is divided by 27?
26
Suppose -3*n = -191 + 53. What is the remainder when n is divided by 22?
2
Suppose 3652 = 5*i + 17*i. What is the remainder when i is divided by 35?
26
Suppose 14*m - 345 = -9. Calculate the remainder when 84 is divided by m.
12
Let t = 356 - 256. Calculate the remainder when t is divided by 12.
4
Let q = 49 - 19. Calculate the remainder when 26 is divided by (14/(-14))/((-2)/q).
11
What is the remainder when 2*21*(-5)/(-10) is divided by 16?
5
Let c = -64 - -33. Let n = c + 63. Calculate the remainder when n is divided by 17.
15
Let c be ((-8)/10)/(8/(-140)). Let x = -358 + 367. Calculate the remainder when c/(-7) - (-56)/2 is divided by x.
8
Suppose 4*g + 30 = 182. Let p = g + -9. Let l = p - 19. What is the remainder when 38 is divided by l?
8
Let q(i) = -13*i**2 + 95*i - 2. What is the remainder when q(7) is divided by (-4 - (-2)/1) + 17?
11
Let x be (-10)/3 + (-8)/12. What is the remainder when 27 is divided by 8 + -1*(-4)/x?
6
Suppose h - 5*o = 104, 0 = 3*h - 5*o + 7*o - 346. What is the remainder when h is divided by 18?
6
Calculate the remainder when 304 is divided by ((-1)/(-3))/((-52)/(-12324)).
67
Let m(l) = 31*l - 289. What is the remainder when 263 is divided by m(13)?
35
Let d = -51 - -52. Calculate the remainder when 43 is divided by 34/8*(0 + 3 + d).
9
Let b = 1562 - 1401. Calculate the remainder when 797 is divided by b.
153
Let s = 1251 + -1222. Let w(q) = 4*q. Calculate the remainder when s is divided by w(4).
13
Calculate the remainder when 857 is divided by (1 - -6) + 0/(-6) + 6.
12
Suppose -4*y = 5*p - 287, -5*y - p + 229 = -2*y. What is the remainder when y is divided by 28?
22
Let x be -51 + (4 + -6)*-1. Let u = x + -36. What is the remainder when 34/u + (-424)/(-10) is divided by 11?
9
Let g = -449 + 676. What is the remainder when g is divided by 23?
20
Suppose 64 = 5*l - 2*p, -68 = -4*l + p - 5*p. Suppose 10*z - l*z - 304 = 0. Let w = z - -110. Calculate the remainder when w is divided by 18.
16
Suppose 266 = 6*b - 64. Calculate the remainder when b is divided by 12.
7
Suppose -17*t + 816 = -13*t. Let a = -123 + t. Calculate the remainder when a is divided by 18.
9
Let k(v) be the first derivative of v**2/2 - 4. Let l be k(2). Calculate the remainder when (8 + -1)*2/l is divided by 4.
3
Let n = -4579 + 4595. Suppose -2*i + 0*i + 156 = 0. Calculate the remainder when i is divided by n.
14
Let i(m) = -157*m - 194. Calculate the remainder when i(-10) is divided by 51.
50
Suppose 2*h - t = -12, 0*h + 3*t = -4*h - 4. Let n = 4 - h. Calculate the remainder when n is divided by 6.
2
Suppose -5*q = -3*s - 119, 2*s = q - 18 - 10. Suppose t - 4 = -t. Suppose 0 = t*g + g - 195. Calculate the remainder when g is divided by q.
21
Let t = -21 - -24. Suppose -t*l - 3 + 57 = s, -5*s + 36 = 2*l. What is the remainder when l is divided by 1*(0 - 1) - -6?
3
Let a = 1450 + -811. What is the remainder when a is divided by 107?
104
Suppose 0 = h + 176 - 28. What is the remainder when 110 is divided by (h/(-6))/((-6)/(-9))?
36
Suppose 4*c - 28 = 2*c. Let a be 4 - (-3 + (-2 - -10)). What is the remainder when c is divided by (-9)/a + (-10)/2?
2
Let y(g) = -47*g + 1529. What is the remainder when y(31) is divided by 19?
15
Suppose -4*b = 7*m - 3*m - 32, 2*b = -m + 12. Suppose 0 = m*o - 7 + 3. What is the remainder when o is divided by 1?
0
Let a(s) = -10*s - 25. What is the remainder when 274 is divided by a(-5)?
24
Suppose 4*p = p + 6. Suppose -p*r + 0*r = -90. Calculate the remainder when r is divided by 23.
22
Let p = -387 - -636. Calculate the remainder when p is divided by 18.
15
Suppose -483 = -11*u + 287. Calculate the remainder when u is divided by 18.
16
Suppose -5*p + 370 = 5*x, 7*x + 160 = 2*p + 6*x. Calculate the remainder when 150 is divided by p.
72
Let f(g) = g**2 - 5*g - 4. Let q be f(6). Let z be -1 + 26/1 - q. Let m = z + -5. Calculate the remainder when 51 is divided by m.
15
Let a(d) = d**2 + 3*d - 55. What is the remainder when 148 is divided by a(9)?
42
Let y(m) = -m**2 - 7*m + 5. Let d = -14 - -24. Suppose d - 59 = -j. Calculate the remainder when j is divided by y(-4).
15
Let p(y) = y**3 + 6*y**2 - 8*y - 5. Calculate the remainder when p(-6) is divided by (-1955)/34*((-32)/(-20) + -2).
20
Let c(f) = f**3 + 10*f**2 + 14*f - 12. What is the remainder when 193 is divided by c(-7)?
8
Suppose -4*k + 10 = 5*u, 11 = -2*u + 4*k - 13. Let h be (-21)/9 + u/3. Let l(p) = -p**3 - 3*p + 2. What is the remainder when l(h) is divided by 13?
12
Suppose 4*s - 84 = -904. Let i = 306 + s. What is the remainder when i is divided by 34?
33
Let g(o) = 2*o - 3. Let q be g(3). Calculate the remainder when 39 is divided by (-60)/(-8)*4/q.
9
Let t = 23 + -25. Let v be ((-3)/t)/(9/312). Let g = -21 + v. Calculate the remainder when 59 is divided by g.
28
Suppose -4*m + 4*t + 103 = -61, 129 = 3*m - 5*t. Suppose 44 = -v - u + 121, 4*u - 160 = -2*v. What is the remainder when v is divided by m?
36
Let j be 1/((-150)/76 - -2). Let r = j + -25. Let d(i) = i + 50. What is the remainder when d(0) is divided by r?
11
Suppose -4*n + 30 = 5*v, 4*n - 15 = n. Suppose -12 = -v*w + 30. Calculate the remainder when 59 is divided by w.
17
Let d(v) = -v**3 - 10*v**2 + 3. Let y be d(-10). Let i(x) = 18*x - 12. Calculate the remainder when 125 is divided by i(y).
41
Calculate the remainder when (938/2)/(-7)*(1 + -2) is divided by 24.
19
Suppose 5*m - 83 = -4*g, 6*g - 4*g = -3*m + 49. What is the remainder when -3*4/12*-39 is divided by m?
9
Let h = 23 - 14. Let v = -8 + 14. Calculate the remainder when h is divided by v.
3
Suppose -5*l - 174 - 56 = 0. Let c(p) = p**3 + 3*p**2 + 2*p - 11. Let d be c(-3). Let a = d - l. What is the remainder when 85 is divided by a?
27
Suppose -67 = 5*g + 8. Calculate the remainder when (-5)/(g/99) + -2 is divided by (-102)/9*(-9)/6.
14
Suppose -92 - 223 = -5*b. Calculate the remainder when b is divided by 29.
5
Let w(v) = 16*v - 44. Calculate the remainder when 63 is divided by w(5).
27
Let j = 6 + 2. Suppose 2*b + j = 52. Suppose 3*c - 2*y - 101 = -b, -3*c - 2*y = -59. Calculate the remainder when c is divided by 6.
5
Let f be ((-101)/(-2) - -2) + (-10)/20. Let w = 84 - f. Calculate the remainder when 61 is divided by w.
29
Let k = -32 - -54. Suppose 9*a - 11*a = -k. What is the remainder when a is divided by 7?
4
Suppose -209 = 14*s - 193 - 142. Calculate the remainder when (-188)/(-6) + (-2)/(-3) is divided by s.
5
Calculate the remainder when 6 + 39088/70 + 6/10 is divided by 27.
25
Suppose 9 = 4*r - 7. Suppose 78*a + 15017 - 21725 = 0. Calculate the remainder when a is divided by r.
2
Let x = 159 + -36. Calculate the remainder when x is divided by 25.
23
Let j